{"id":17,"date":"2024-03-26T13:58:42","date_gmt":"2024-03-26T13:58:42","guid":{"rendered":"http:\/\/svetionik.org\/?page_id=17"},"modified":"2024-03-26T14:28:27","modified_gmt":"2024-03-26T14:28:27","slug":"o-nama","status":"publish","type":"page","link":"http:\/\/svetionik.org\/","title":{"rendered":"O nama"},"content":{"rendered":"\n<figure class=\"wp-block-table\"><table><tbody><tr><td><strong>Prevo\u0111enje i lektura teksta<\/strong><\/td><\/tr><\/tbody><\/table><\/figure>\n\n\n\n<h4 class=\"wp-block-heading\">Usluge:<\/h4>\n\n\n\n<blockquote class=\"wp-block-quote is-layout-flow wp-block-quote-is-layout-flow\">\n<p>&#8211; engleski jezik<br>&#8211; nema\u010dki jezik<br>&#8211; francuski jezik<br>&#8211; kineski jezik<br>&#8211; arapski jezik<br>&#8211; \u0161panski jezik<br>&#8211; italijanski jezik<br>&#8211; poljski jezik<\/p>\n<\/blockquote>\n\n\n\n<p>Stru\u010dna lektura teksta na srpskom jeziku.<\/p>\n\n\n\n<p>Prevod televizijskog programa (filmovi, serije, dokumentarci) sa titlovima.<\/p>\n\n\n\n<figure class=\"wp-block-table\"><table><tbody><tr><td><strong>Grafi\u010dki dizajn<\/strong><\/td><\/tr><\/tbody><\/table><\/figure>\n\n\n\n<h4 class=\"wp-block-heading\">Usluge:<\/h4>\n\n\n\n<ul class=\"wp-block-list\">\n<li>dizajn logoa\/logotipa<\/li>\n\n\n\n<li>korporativni identitet, vizit karta, memorandum, koverta<\/li>\n\n\n\n<li>dizajn kataloga, bro\u0161ura, flajera, plakata<\/li>\n\n\n\n<li>grafi\u010dki dizajn jelovnika, ambala\u017ea, omota, etiketa<\/li>\n\n\n\n<li>pelom knjige, \u010dasopisa<\/li>\n\n\n\n<li>izrada web stranice<\/li>\n<\/ul>\n\n\n\n<figure class=\"wp-block-table\"><table><tbody><tr><td><strong>Izdava\u0161tvo<\/strong><\/td><\/tr><\/tbody><\/table><\/figure>\n\n\n\n<h4 class=\"wp-block-heading\">Usluge:<\/h4>\n\n\n\n<ul class=\"wp-block-list\">\n<li>lektura i korektura teksta<\/li>\n\n\n\n<li>obrada i prelom teksta<\/li>\n\n\n\n<li>priprema za \u0161tampu<\/li>\n\n\n\n<li>\u0161tampa<\/li>\n\n\n\n<li>objavljivanje<\/li>\n<\/ul>\n","protected":false},"excerpt":{"rendered":"<p>Prevo\u0111enje i lektura teksta Usluge: &#8211; engleski jezik&#8211; nema\u010dki jezik&#8211; francuski jezik&#8211; kineski jezik&#8211; arapski jezik&#8211; \u0161panski jezik&#8211; italijanski jezik&#8211; poljski jezik Stru\u010dna lektura teksta na srpskom jeziku. Prevod televizijskog programa (filmovi, serije, dokumentarci) sa titlovima. Grafi\u010dki dizajn Usluge: Izdava\u0161tvo Usluge:<\/p>\n","protected":false},"author":1,"featured_media":0,"parent":0,"menu_order":0,"comment_status":"closed","ping_status":"closed","template":"","meta":{"footnotes":""},"class_list":["post-17","page","type-page","status-publish","hentry"],"yoast_head":"<!-- This site is optimized with the Yoast SEO plugin v22.3 - https:\/\/yoast.com\/wordpress\/plugins\/seo\/ -->\r\n<title>O nama - SVETIONIK PLUS<\/title>\r\n<meta name=\"robots\" content=\"index, follow, max-snippet:-1, max-image-preview:large, max-video-preview:-1\" \/>\r\n<link rel=\"canonical\" href=\"http:\/\/svetionik.org\/\" \/>\r\n<meta property=\"og:locale\" content=\"en_US\" \/>\r\n<meta property=\"og:type\" content=\"article\" \/>\r\n<meta property=\"og:title\" content=\"O nama - SVETIONIK PLUS\" \/>\r\n<meta property=\"og:description\" content=\"Prevo\u0111enje i lektura teksta Usluge: &#8211; engleski jezik&#8211; nema\u010dki jezik&#8211; francuski jezik&#8211; kineski jezik&#8211; arapski jezik&#8211; \u0161panski jezik&#8211; italijanski jezik&#8211; poljski jezik Stru\u010dna lektura teksta na srpskom jeziku. Prevod televizijskog programa (filmovi, serije, dokumentarci) sa titlovima. Grafi\u010dki dizajn Usluge: Izdava\u0161tvo Usluge:\" \/>\r\n<meta property=\"og:url\" content=\"http:\/\/svetionik.org\/\" \/>\r\n<meta property=\"og:site_name\" content=\"SVETIONIK PLUS\" \/>\r\n<meta property=\"article:modified_time\" content=\"2024-03-26T14:28:27+00:00\" \/>\r\n<meta name=\"twitter:card\" content=\"summary_large_image\" \/>\r\n<meta name=\"twitter:label1\" content=\"Est. reading time\" \/>\n\t<meta name=\"twitter:data1\" content=\"1 minute\" \/>\r\n<script type=\"application\/ld+json\" class=\"yoast-schema-graph\">{\"@context\":\"https:\/\/schema.org\",\"@graph\":[{\"@type\":\"WebPage\",\"@id\":\"http:\/\/svetionik.org\/\",\"url\":\"http:\/\/svetionik.org\/\",\"name\":\"O nama - SVETIONIK PLUS\",\"isPartOf\":{\"@id\":\"http:\/\/svetionik.org\/#website\"},\"datePublished\":\"2024-03-26T13:58:42+00:00\",\"dateModified\":\"2024-03-26T14:28:27+00:00\",\"breadcrumb\":{\"@id\":\"http:\/\/svetionik.org\/#breadcrumb\"},\"inLanguage\":\"en-US\",\"potentialAction\":[{\"@type\":\"ReadAction\",\"target\":[\"http:\/\/svetionik.org\/\"]}]},{\"@type\":\"BreadcrumbList\",\"@id\":\"http:\/\/svetionik.org\/#breadcrumb\",\"itemListElement\":[{\"@type\":\"ListItem\",\"position\":1,\"name\":\"Home\",\"item\":\"http:\/\/svetionik.org\/\"},{\"@type\":\"ListItem\",\"position\":2,\"name\":\"O nama\"}]},{\"@type\":\"WebSite\",\"@id\":\"http:\/\/svetionik.org\/#website\",\"url\":\"http:\/\/svetionik.org\/\",\"name\":\"SVETIONIK PLUS\",\"description\":\"Izdava\u010dko-prevodila\u010dka agencija\",\"potentialAction\":[{\"@type\":\"SearchAction\",\"target\":{\"@type\":\"EntryPoint\",\"urlTemplate\":\"http:\/\/svetionik.org\/?s={search_term_string}\"},\"query-input\":\"required name=search_term_string\"}],\"inLanguage\":\"en-US\"}]}<\/script>\r\n<!-- \/ Yoast SEO plugin. -->","yoast_head_json":{"title":"O nama - SVETIONIK PLUS","robots":{"index":"index","follow":"follow","max-snippet":"max-snippet:-1","max-image-preview":"max-image-preview:large","max-video-preview":"max-video-preview:-1"},"canonical":"http:\/\/svetionik.org\/","og_locale":"en_US","og_type":"article","og_title":"O nama - SVETIONIK PLUS","og_description":"Prevo\u0111enje i lektura teksta Usluge: &#8211; engleski jezik&#8211; nema\u010dki jezik&#8211; francuski jezik&#8211; kineski jezik&#8211; arapski jezik&#8211; \u0161panski jezik&#8211; italijanski jezik&#8211; poljski jezik Stru\u010dna lektura teksta na srpskom jeziku. Prevod televizijskog programa (filmovi, serije, dokumentarci) sa titlovima. Grafi\u010dki dizajn Usluge: Izdava\u0161tvo Usluge:","og_url":"http:\/\/svetionik.org\/","og_site_name":"SVETIONIK PLUS","article_modified_time":"2024-03-26T14:28:27+00:00","twitter_card":"summary_large_image","twitter_misc":{"Est. reading time":"1 minute"},"schema":{"@context":"https:\/\/schema.org","@graph":[{"@type":"WebPage","@id":"http:\/\/svetionik.org\/","url":"http:\/\/svetionik.org\/","name":"O nama - SVETIONIK PLUS","isPartOf":{"@id":"http:\/\/svetionik.org\/#website"},"datePublished":"2024-03-26T13:58:42+00:00","dateModified":"2024-03-26T14:28:27+00:00","breadcrumb":{"@id":"http:\/\/svetionik.org\/#breadcrumb"},"inLanguage":"en-US","potentialAction":[{"@type":"ReadAction","target":["http:\/\/svetionik.org\/"]}]},{"@type":"BreadcrumbList","@id":"http:\/\/svetionik.org\/#breadcrumb","itemListElement":[{"@type":"ListItem","position":1,"name":"Home","item":"http:\/\/svetionik.org\/"},{"@type":"ListItem","position":2,"name":"O nama"}]},{"@type":"WebSite","@id":"http:\/\/svetionik.org\/#website","url":"http:\/\/svetionik.org\/","name":"SVETIONIK PLUS","description":"Izdava\u010dko-prevodila\u010dka agencija","potentialAction":[{"@type":"SearchAction","target":{"@type":"EntryPoint","urlTemplate":"http:\/\/svetionik.org\/?s={search_term_string}"},"query-input":"required name=search_term_string"}],"inLanguage":"en-US"}]}},"_links":{"self":[{"href":"http:\/\/svetionik.org\/index.php\/wp-json\/wp\/v2\/pages\/17","targetHints":{"allow":["GET"]}}],"collection":[{"href":"http:\/\/svetionik.org\/index.php\/wp-json\/wp\/v2\/pages"}],"about":[{"href":"http:\/\/svetionik.org\/index.php\/wp-json\/wp\/v2\/types\/page"}],"author":[{"embeddable":true,"href":"http:\/\/svetionik.org\/index.php\/wp-json\/wp\/v2\/users\/1"}],"replies":[{"embeddable":true,"href":"http:\/\/svetionik.org\/index.php\/wp-json\/wp\/v2\/comments?post=17"}],"version-history":[{"count":2,"href":"http:\/\/svetionik.org\/index.php\/wp-json\/wp\/v2\/pages\/17\/revisions"}],"predecessor-version":[{"id":34,"href":"http:\/\/svetionik.org\/index.php\/wp-json\/wp\/v2\/pages\/17\/revisions\/34"}],"wp:attachment":[{"href":"http:\/\/svetionik.org\/index.php\/wp-json\/wp\/v2\/media?parent=17"}],"curies":[{"name":"wp","href":"https:\/\/api.w.org\/{rel}","templated":true}]}}